 189 and 721.
7
Calculate the greatest common factor of 672 and 21.
21
Calculate the highest common divisor of 3296 and 103.
103
What is the highest common factor of 11388 and 72?
12
Calculate the highest common divisor of 42 and 448.
14
What is the greatest common factor of 270 and 108?
54
What is the highest common factor of 16 and 848?
16
What is the greatest common divisor of 1449 and 322?
161
Calculate the highest common factor of 216 and 84.
12
What is the highest common factor of 46897 and 23?
23
What is the highest common divisor of 354 and 6?
6
Calculate the greatest common factor of 1 and 29.
1
What is the highest common factor of 1355 and 175?
5
Calculate the greatest common factor of 102 and 13022.
34
Calculate the highest common factor of 1350 and 90.
90
What is the highest common divisor of 144 and 108?
36
What is the highest common divisor of 9412 and 104?
52
What is the greatest common factor of 324 and 2673?
81
What is the highest common divisor of 209 and 171?
19
What is the greatest common divisor of 18 and 135?
9
Calculate the greatest common factor of 1488 and 48.
48
What is the highest common divisor of 168 and 96?
24
Calculate the greatest common factor of 63 and 1092.
21
Calculate the greatest common factor of 7020 and 130.
130
Calculate the highest common divisor of 660 and 495.
165
Calculate the greatest common divisor of 1872 and 36.
36
What is the highest common factor of 20 and 3340?
20
What is the greatest common factor of 96 and 48?
48
What is the highest common factor of 12669 and 206?
103
What is the highest common factor of 19 and 475?
19
What is the highest common divisor of 202 and 4343?
101
What is the highest common divisor of 2450 and 196?
98
What is the greatest common factor of 75 and 33?
3
Calculate the greatest common divisor of 276 and 48.
12
What is the highest common divisor of 280 and 50?
10
Calculate the highest common factor of 19 and 513.
19
Calculate the greatest common factor of 13 and 299.
13
Calculate the highest common divisor of 7245 and 230.
115
Calculate the highest common factor of 16 and 272.
16
Calculate the greatest common factor of 342 and 1482.
114
Calculate the highest common divisor of 416 and 26.
26
What is the greatest common divisor of 42 and 315?
21
Calculate the greatest common divisor of 55 and 5775.
55
What is the greatest common factor of 4942 and 14?
14
What is the greatest common factor of 184 and 782?
46
What is the greatest common divisor of 16 and 5384?
8
What is the highest common factor of 12 and 20004?
12
Calculate the greatest common divisor of 4025 and 175.
175
What is the highest common factor of 913 and 2158?
83
Calculate the greatest common divisor of 48 and 8376.
24
Calculate the highest common divisor of 240 and 9840.
240
Calculate the greatest common factor of 7 and 839.
1
Calculate the highest common divisor of 5202 and 18.
18
What is the greatest common divisor of 80 and 64?
16
Calculate the highest common factor of 22 and 22.
22
What is the highest common factor of 399 and 304?
19
What is the greatest common divisor of 144 and 5856?
48
Calculate the greatest common factor of 9 and 6.
3
What is the highest common factor of 464 and 203?
29
What is the highest common factor of 28672 and 224?
224
What is the greatest common divisor of 35 and 14?
7
What is the highest common divisor of 58600 and 10?
10
What is the greatest common factor of 93 and 310?
31
What is the highest common divisor of 188 and 26602?
94
Calculate the greatest common divisor of 532 and 196.
28
Calculate the greatest common factor of 48 and 7792.
16
Calculate the greatest common factor of 559 and 351.
13
What is the greatest common divisor of 304 and 114?
38
Calculate the greatest common divisor of 1921 and 51.
17
Calculate the greatest common factor of 475 and 38.
19
Calculate the greatest common divisor of 360 and 16.
8
What is the highest common divisor of 1044 and 58?
58
What is the highest common factor of 1027 and 158?
79
What is the highest common factor of 72 and 56?
8
Calculate the highest common divisor of 46 and 920.
46
What is the highest common factor of 21 and 12?
3
Calculate the greatest common divisor of 30 and 12525.
15
Calculate the highest common factor of 80 and 200.
40
Calculate the greatest common divisor of 15 and 35.
5
Calculate the greatest common divisor of 56 and 56.
56
Calculate the greatest common divisor of 98 and 9674.
14
What is the highest common factor of 522 and 180?
18
Calculate the highest common divisor of 2875 and 1495.
115
What is the greatest common divisor of 1462 and 782?
34
What is the highest common factor of 18 and 243?
9
What is the highest common factor of 1026 and 216?
54
What is the highest common factor of 613 and 3?
1
Calculate the greatest common divisor of 576 and 216.
72
What is the highest common divisor of 96 and 120?
24
Calculate the highest common factor of 22 and 154.
22
What is the highest common factor of 200 and 16?
8
Calculate the greatest common divisor of 8 and 89.
1
Calculate the highest common factor of 256 and 24.
8
What is the highest common factor of 58 and 14819?
29
Calculate the highest common factor of 570 and 10.
10
What is the greatest common factor of 35 and 1281?
7
Calculate the highest common divisor of 22 and 1474.
22
Calculate the highest common factor of 2298 and 6.
6
Calculate the greatest common divisor of 192 and 288.
96
Calculate the greatest common divisor of 11224 and 16.
8
What is the greatest common factor of 14278 and 110?
22
What is the highest common divisor of 656 and 451?
41
Calculate the highest common divisor of 121 and 1936.
121
Calculate the greatest common factor of 56 and 1372.
28
Calculate the greatest common factor of 6438 and 333.
111
Calculate the greatest common divisor of 53 and 1.
1
What is the highest common factor of 22 and 104?
2
Calculate the greatest common divisor of 986 and 34.
34
Calculate the greatest common divisor of 12 and 7320.
12
What is the greatest common factor of 534 and 30?
6
What is the highest common divisor of 42 and 9078?
6
What is the greatest common divisor of 18 and 57222?
18
What is the highest common divisor of 1785 and 630?
105
What is the highest common divisor of 150 and 30?
30
What is the greatest common divisor of 63 and 7?
7
Calculate the highest common divisor of 260 and 12792.
52
Calculate the highest common divisor of 800 and 560.
80
What is the greatest common factor of 4636 and 19?
19
Calculate the greatest common divisor of 72 and 1476.
36
What is the greatest common divisor of 832 and 143?
13
What is the greatest common divisor of 60 and 480?
60
Calculate the greatest common divisor of 948 and 18.
6
Calculate the greatest common factor of 9 and 2.
1
What is the highest common divisor of 21296 and 8?
8
What is the greatest common divisor of 2 and 3?
1
Calculate the greatest common divisor of 260 and 585.
65
Calculate the greatest common divisor of 36 and 468.
36
What is the greatest common factor of 2483 and 26?
13
Calculate the greatest common factor of 959 and 7.
7
Calculate the highest common factor of 144 and 48.
48
What is the highest common factor of 91 and 2509?
13
Calculate the greatest common divisor of 3328 and 56.
8
Calculate the greatest common divisor of 192 and 2000.
16
Calculate the highest common divisor of 9 and 11241.
9
Calculate the greatest common divisor of 3084 and 12.
12
Calculate the highest common factor of 1919 and 4949.
101
Calculate the highest common factor of 1937 and 39.
13
Calculate the highest common factor of 10 and 940.
10
Calculate the highest common divisor of 396 and 180.
36
What is the highest common factor of 1 and 127?
1
What is the greatest common factor of 532 and 20?
4
What is the greatest common factor of 4693 and 13?
13
Calculate the greatest common factor of 996 and 168.
12
What is the highest common factor of 480 and 15?
15
Calculate the highest common divisor of 77 and 781.
11
What is the highest common divisor of 261 and 36?
9
Calculate the highest common factor of 2002 and 2912.
182
Calculate the highest common factor of 234 and 3185.
13
What is the greatest common factor of 41850 and 100?
50
What is the highest common divisor of 18 and 4626?
18
What is the highest common factor of 668 